?
-22531
In base 7, what is 1441 + -1252?
156
In base 3, what is 2012022020010 - 10?
2012022020000
In base 10, what is 19 - 3666?
-3647
In base 14, what is 3 - -242b0?
242b3
In base 8, what is -1074765 - -1?
-1074764
In base 12, what is -59b + 315?
-286
In base 2, what is 1011000001100 - -100010?
1011000101110
In base 5, what is 4101 - -202?
4303
In base 3, what is 0 - -11020020110?
11020020110
In base 6, what is -10 - -3122503?
3122453
In base 7, what is 333 + 1300?
1633
In base 12, what is 60 + 112?
172
In base 9, what is 2 + 21803?
21805
In base 16, what is 0 + -2cc8?
-2cc8
In base 2, what is -1010 + -10101111?
-10111001
In base 15, what is -42 - -38a7?
3865
In base 5, what is 3234 - -32112?
40401
In base 15, what is -772e - -11?
-771d
In base 12, what is 160 - 1484?
-1324
In base 4, what is -11 + -11202?
-11213
In base 10, what is 50052 + -2?
50050
In base 5, what is 321242 - -43?
321340
In base 6, what is 3531 - 234?
3253
In base 13, what is 44 + cb7?
102b
In base 15, what is -4b31 + 168?
-49b8
In base 11, what is -7 - -99019?
99012
In base 11, what is -3 - 7464?
-7467
In base 2, what is 1011111001001100000 + 101?
1011111001001100101
In base 12, what is 1 - -2a301?
2a302
In base 6, what is 0 - 5240513?
-5240513
In base 12, what is -5 + 136317?
136312
In base 16, what is 33 - -1fd?
230
In base 12, what is 2a1 - 29?
274
In base 11, what is 682 - -2868?
343a
In base 9, what is 1164 - -63?
1237
In base 4, what is 221 + -110102?
-103221
In base 13, what is -211a0 + -2?
-211a2
In base 3, what is 1121111201 + 21?
1121111222
In base 6, what is 401255 + 2?
401301
In base 6, what is -252 + 1334?
1042
In base 7, what is -1656 + -121?
-2110
In base 7, what is 2 + -32425?
-32423
In base 16, what is 3 + -11687?
-11684
In base 16, what is 5fb8 - -3?
5fbb
In base 9, what is 1500 + 31?
1531
In base 5, what is -134411 - -1?
-134410
In base 10, what is 1005 - 117?
888
In base 11, what is -27 + -18264?
-18290
In base 2, what is 111010101100100 + -10?
111010101100010
In base 6, what is 242 + 51041?
51323
In base 14, what is 9b4 + 27?
9db
In base 3, what is 0 + 122021110?
122021110
In base 15, what is -135 - 2d2?
-417
In base 9, what is 187303 - 0?
187303
In base 3, what is -220 + -102211?
-110201
In base 16, what is 22fc3 - 2?
22fc1
In base 6, what is 321 + -10?
311
In base 16, what is -3ab + -2?
-3ad
In base 9, what is 0 - -7180?
7180
In base 12, what is 67 - -ba?
165
In base 3, what is 1 + -121001022?
-121001021
In base 9, what is -17037 - 18?
-17056
In base 10, what is 350529 + -4?
350525
In base 3, what is 1101021111012 - 0?
1101021111012
In base 14, what is a5d40 + -4?
a5d3a
In base 10, what is -4 - 6220?
-6224
In base 9, what is 0 + 117367?
117367
In base 11, what is -2914 + 65?
-285a
In base 8, what is 14277 + -60?
14217
In base 14, what is -120 - 49b?
-5bb
In base 11, what is -304638 - 3?
-304640
In base 15, what is 4 + 51154?
51158
In base 9, what is 2 - 222112?
-222110
In base 8, what is 0 + 17005?
17005
In base 13, what is 252b8 - -5?
252c0
In base 14, what is -28109 + -4?
-2810d
In base 14, what is -7ad - 21?
-7d0
In base 16, what is -17 + -c54?
-c6b
In base 12, what is -3604 - -5?
-35bb
In base 8, what is -7437 - -113?
-7324
In base 14, what is 7d85 - 40?
7d45
In base 14, what is -2c6 + -1a?
-302
In base 4, what is 30 + -2301321?
-2301231
In base 16, what is -3a - 814b?
-8185
In base 4, what is -1023 - 210231?
-211320
In base 5, what is 10014 + 3030?
13044
In base 3, what is 12 - -100000110012?
100000110101
In base 16, what is 110a + -ff?
100b
In base 6, what is -210042 + 10?
-210032
In base 15, what is 13c9 - -c?
13d6
In base 5, what is -10130133 + 1?
-10130132
In base 3, what is -2000002111 + -12?
-2000002200
In base 4, what is 102232331 - 0?
102232331
In base 10, what is -218 - -8374?
8156
In base 12, what is 5 + 36a7?
36b0
In base 7, what is -604 + -316?
-1223
In base 12, what is -3aa - 5aa?
-998
In base 5, what is -2 + -1100234?
-1100241
In base 6, what is -2544340 - 10?
-2544350
In base 6, what is 1130 - 30?
1100
In base 13, what is -55 - bc?
-144
In base 16, what is 11 + -be?
-ad
In base 14, what is b + -dc3d?
-dc32
In base 11, what is -12 - -3949?
3937
In base 3, what is 1 - 211020202202?
-211020202201
In base 14, what is 13 - -7c0?
7d3
In base 11, what is -11 - -8243?
8232
In base 12, what is -4 + 7580?
7578
In base 5, what is 2 - -131004043?
131004100
In base 14, what is 1105b4 + -4?
1105b0
In base 9, what is 717 + 811?
1628
In base 15, what is -7e1b - -3?
-7e18
In base 11, what is 5 + -3142?
-3138
In base 10, what is -24 - -201?
177
In base 7, what is -13252 + -46?
-13331
In base 6, what is 211 - 4500?
-4245
In base 2, what is 11011011 + 110101?
100010000
In base 2, what is 1110010010101111000 + -11?
1110010010101110101
In base 14, what is -3 + -19d?
-1a2
In base 15, what is -28c7 + -b1?
-2988
In base 8, what is 15 - 100040?
-100023
In base 6, what is 24 + 211400?
211424
In base 3, what is -10200011220 + 11?
-10200011202
In base 9, what is 181 + 12164?
12355
In base 7, what is -1011334 + -5?
-1011342
In base 9, what is -520713 + -8?
-520722
In base 2, what is -1 + 1110011011010010?
1110011011010001
In base 12, what is 57373 - 3?
57370
In base 16, what is -5 - 47d69?
-47d6e
In base 2, what is 100100100011000 - 1010001?
100100011000111
In base 5, what is 2 - -141410?
141412
In base 13, what is -2c - -1004?
ca5
In base 6, what is 24232351 - -1?
24232352
In base 8, what is 721 - -15?
736
In base 15, what is 0 - 24dee?
-24dee
In base 12, what is -10 + 9944?
9934
In base 4, what is 21301 - -3113?
31020
In base 7, what is -2131243 - -2?
-2131241
In base 9, what is 7 - -83746?
83754
In base 10, what is 6238 - 62?
6176
In base 13, what is 33c5 + 76?
346b
In base 16, what is -f44 + 1c?
-f28
In base 15, what is bdb8 - -8?
bdc1
In base 8, what is 650 + -251?
377
In base 14, what is -570a3b + -4?
-570a41
In base 4, what is 330 - -23330010?
23331000
In base 12, what is 0 + 5160?
5160
In base 11, what is -93 + 848?
765
In base 10, what is -436744 - 2?
-436746
In base 6, what is -5 - -443423?
443414
In base 10, what is 205301 - 3?
205298
In base 7, what is -4 - 1244053?
-1244060
In base 6, what is -20124 + 2?
-20122
In base 7, what is 321243 + -2?
321241
In base 3, what is -122111211 - 100?
-122112011
In base 10, what is 484066 - -2?
484068
In base 3, what is 10100021 - 20200?
10002121
In base 5, what is -1144 + 2013?
314
In base 12, what is 5 - -8a236?
8a23b
In base 10, what is 383 - 49?
334
In base 3, what is -2000101 + -22210?
-2100011
In base 6, what is -330 - -114?
-212
In base 14, what is 2bb0 - 1c?
2b92
In base 6, what is -2 + -51305?
-51311
In base 13, what is 6 + -4c9?
-4c3
In base 14, what is -179dd + 4?
-179d9
In base 11, what is 33a291 + 1?
33a292
In base 12, what is 1 - 111375?
-111374
In base 5, what is -41211 - 23?
-41234
In base 10, what is 4 + -231402?
-231398
In base 6, what is -2410 + -1235?
-4045
In base 14, what is -203999 + 1?
-203998
In base 8, what is -27154 + -1?
-27155
In base 15, what is 1c - 53d8?
-53bb
In base 9, what is -1548352 - -1?
-1548351
In base 13, what is -2 + -8c414?
-8c416
In base 14, what is -303 - 9?
-30c
In base 5, what is 0 - -3214?
3214
In base 13, what is 4c1 + -1022?
-831
In base 16, what is 30934 - 14?
30920
In base 8, what is -46351 - 160?
-46531
In base 5, what is -202202 + 13?
-202134
In base 11, what is -156a5 - -5?
-156a0
In base 2, what is 110010010100 + -10?
110010010010
In base 4, what is -10 + -12230313122?
-12230313132
In base 12, what is -b + 134a5?
13496
In base 11, what is 4639 + 3?
4641
In base 16, what is 53d + -2f?
50e
In base 3, what is -202101121 + 1?
-202101120
In base 14, what is 1 + 2d7a?
2d7b
In base 6, what is 4 + -512534?
-512530
In base 5, what is 10 + 111330?
111340
In base 14, what is 207a6 + 31?
207d7
In base 6, what is 20 - -24401?
24421
In base 16, what is -46 - -16fe?
16b8
In base 11, what is -851a6 + -9?
-85204
In base 11, what is -219 - 13a?
-358
In base 13, what is -9b6 - 3?
-9b9
In base 10, what is 67 - 103?
-36
In base 13, what is 127b - 164?
1117
In base 16, what is -18f - 13?
-1a2
In base 14, what is 1 + -12680?
-1267d
In base 9, what is 177 - -183?
371
In base 2, what is -1 + 100110010100001110001?
100110010100001110000
In base 4, what is -2223203 + -3?
-222321